-693).
3
Suppose 3*b = 7 + 14. Let t = b + -5. What is the remainder when -3 + 1/t*28 is divided by 3?
2
Let n = -3 - -10. Suppose -60 = -3*b + 7*b. Calculate the remainder when b/10*(-76)/6 is divided by n.
5
Let x(o) be the second derivative of 0 + 1/6*o**4 - o**3 + 5*o - 7*o**2. What is the remainder when 43 is divided by x(6)?
21
Let p(o) = -o**3 + 7*o**2 + 2. Let y be p(7). Let v(h) = 4*h**2 - 3*h + 3. What is the remainder when v(y) is divided by 4?
1
Let f(v) = 8*v + 2. Let m = 690 - 673. Calculate the remainder when f(3) is divided by m.
9
Suppose -6 + 26 = 5*d. Suppose 0 = 5*x - d*x - 94. Calculate the remainder when x is divided by 24.
22
What is the remainder when ((-95)/(-30))/(9/54) is divided by (-2)/(-10) + (-76)/(-20)?
3
What is the remainder when 851 is divided by ((-190)/(-12))/((-23)/(-138))?
91
Let i(j) = -j**2 - j. Let o be i(-8). Let y(z) = 10*z - 3. Calculate the remainder when y(3) is divided by (5 - 2)*o/(-12).
13
Let k = 86 + -86. Let t(v) = 5*v + 18. What is the remainder when t(k) is divided by 11?
7
Let x(d) = 8*d + 32. Let f be x(-25). Let q = -121 - f. What is the remainder when 184 is divided by q?
43
Let p = 3 + 19. Suppose 98*w = 97*w + 35. What is the remainder when w is divided by p?
13
Suppose -2*o = 2*o. Suppose o*p - 28 = -2*p. What is the remainder when p is divided by 8?
6
Let a(h) = 11*h - 103. Calculate the remainder when 383 is divided by a(16).
18
Let k(b) = b**2 + 6*b + 15. Let m = -24 - -31. What is the remainder when k(m) is divided by 27?
25
Let b = -27 - -48. Suppose -p + 1 = -b. Calculate the remainder when p is divided by (-10)/(-3)*24/10.
6
Suppose 2*x = -20 + 74. Suppose 272 = -23*d + x*d. Calculate the remainder when d is divided by 9/(((-3)/(-6))/1).
14
Suppose -3*u + 3 + 3 = 0. Suppose 5*n - u*n = 0. What is the remainder when 4 is divided by (-2)/8*n - -2?
0
Suppose -2*o - 2 = 4*k - 0*k, 3*o + 2*k - 5 = 0. Let t = 78 + -29. Suppose 0 = 3*c + 3, 0 = -5*x + o*x - c + t. Calculate the remainder when 47 is divided by x.
22
Let j(k) = 19*k + 133. Calculate the remainder when j(-3) is divided by 13.
11
Suppose g = 6*g + 45. Let i = 12 + g. Calculate the remainder when 50 is divided by (-204)/(-4)*1/i.
16
Let p(z) be the third derivative of z**5/60 + 11*z**4/24 + 2*z**3 + 2*z**2 + 17. What is the remainder when p(-12) is divided by 8?
0
Let f = -476 - -760. Calculate the remainder when f is divided by 26.
24
Suppose -f = -6*f + 50. Suppose 0 = -6*b - 0*b + 42. Suppose -z - b = -f. Calculate the remainder when 15 is divided by z.
0
Suppose -37 = -3*c - 4*u, -4*c = -2*c + 4*u - 18. Suppose 0 = c*h - 24*h + 100. Calculate the remainder when 38 is divided by h.
18
Let n = -264 - -289. Calculate the remainder when 48 is divided by n.
23
Suppose -g = -11*g + 240. Calculate the remainder when 2/(-4)*16*-4 is divided by (-18)/(-8)*128/g.
8
Let g(t) = -10*t**3 + 8*t**2 + 3*t + 4. Calculate the remainder when g(-3) is divided by 11.
7
Suppose 7*g + 9*g = 160. What is the remainder when 62 is divided by g?
2
Suppose -4*w = -2*w + 4, -5*s = 2*w - 96. Calculate the remainder when 246 is divided by s.
6
Suppose -a = -2*a + 5, 2*a = -5*r + 1035. Let q = 308 - r. Let b(p) = -12*p - 373. What is the remainder when q is divided by b(-34)?
33
Let s(g) = 7*g - 6. Let t be s(3). Suppose 13*k - t = 12*k. Calculate the remainder when k is divided by 4.
3
Suppose 4*f + 30 = 5*w, 2*f = 2*w - 12 - 0. Let u(y) = 5*y - 6. What is the remainder when 71 is divided by u(w)?
23
Let b(g) = g**2 + 48*g - 201. Let r(w) = 2*w - 3. Let k be r(-3). Let p = k - -42. What is the remainder when p is divided by b(4)?
5
Suppose -40 = -42*z + 44*z. Let t = z + 30. What is the remainder when t is divided by 4?
2
Let b(w) = -w**3 + 7*w**2 - 2*w - 8. Suppose -g + 7 = -0*g. Let i be b(g). Let t = i - -41. What is the remainder when 73 is divided by t?
16
Let f = 26 - 15. Suppose f - 83 = -2*m. Calculate the remainder when 71 is divided by m.
35
Let a = -18 + 21. Suppose -a*w + 2*w + 1 = 0, -3*k + 2*w = -64. Calculate the remainder when 64 is divided by k.
20
Let v(u) = 12*u**2 - 18*u - 4. What is the remainder when 0/((-6)/(-2)) - -31 is divided by v(2)?
7
Let w be (9/6 + 1/(-2))*-52. Let i = 19 - w. What is the remainder when i is divided by 8?
7
Suppose -505 = 7*t - 12*t. Suppose 106 = 4*f + j, -5*j + 79 = 3*f - 9. What is the remainder when t is divided by f?
23
Let j(z) = 9*z. Let a(y) = y**2 - y. Let p(c) = -5*c**2 - 1. Let q(g) = 4*a(g) - p(g). What is the remainder when q(3) is divided by j(2)?
16
Suppose -2*d - 4 - 46 = 0. Let q = -22 - d. Calculate the remainder when (5 - 2) + -2 - -9 is divided by q.
1
Let d = 1455 - 1246. Calculate the remainder when d is divided by 68.
5
Suppose -y = -4*l + 2, -5*y = -2*y + 5*l - 11. What is the remainder when 1/y*(4 - 6) + 3 is divided by 2?
0
Let v(z) = -2*z**3 + 2*z**2 - 1. Let h be v(-1). Let f = -1 + h. Calculate the remainder when 25 is divided by 54/(-12)*(-4)/f.
7
Suppose 19007 = 347*i + 7903. Calculate the remainder when i is divided by 2/8 + (-70)/(-8).
5
Let f be (9/2)/(1/4). Let p = 10 + -10. Suppose p = 4*j + 2*z - f, z - 2*z + 4 = j. Calculate the remainder when j is divided by 5.
0
Let w = 54 - 50. Calculate the remainder when 3/(((-24)/9)/(-8)) is divided by w.
1
Suppose -4*k - 143 = -195. What is the remainder when 895 is divided by k?
11
Let l(z) = -z - 2. Let i be l(-3). Let j be i - 1 - -9 - -1. Let f = 20 - j. What is the remainder when f is divided by 4?
2
Let p(m) = m**3 - 47*m**2 + 76. Calculate the remainder when 93 is divided by p(47).
17
Let n be -5 - 4/(16/(-132)). Suppose 2*c + n - 106 = 0. Let q(i) = 23*i**3 - i**2. Calculate the remainder when c is divided by q(1).
17
Suppose -25*y = 7*y - 1664. What is the remainder when y is divided by 27?
25
Let y(f) = f**3 + 4*f**2 - 4. Let k(t) = -t**3 + 16*t**2 - 6*t - 17. Let z be k(15). Let r = z - 109. What is the remainder when r is divided by y(-3)?
4
Suppose -3*s = -0*s + 18. Let t be ((-120)/(-36))/((-4)/s). Suppose 0*i - t*i + 65 = 0. Calculate the remainder when 25 is divided by i.
12
What is the remainder when 812 is divided by 7*(-216)/(-63)*2?
44
Let f = 453 - 429. Calculate the remainder when 106 is divided by f.
10
Suppose -5*i = -4*i + 6. Let z(m) = 8*m - 37. What is the remainder when ((-3)/i - 1)*-74 is divided by z(7)?
18
Suppose r - 8*v + 3*v - 155 = 0, -569 = -4*r + 3*v. What is the remainder when r is divided by 64?
12
Let c = -441 - -467. What is the remainder when 361 is divided by c?
23
Let s(c) = 4*c**2 + 3*c. Let l be s(-4). Let m = l - 2. What is the remainder when m is divided by (-9 - -10)/(2/42) - 3?
14
Let g = 187 + -79. Calculate the remainder when g is divided by 22.
20
Let p be 4/3*(5 + -8). Let q be (p/4)/((-1)/5). Suppose -y - 35 = -2*v, 18 = v - 2*y + q. Calculate the remainder when 35 is divided by v.
16
Let l = 208 - 198. Calculate the remainder when 54 is divided by l.
4
Suppose -189*y + 3143 + 13375 - 2721 = 0. Suppose 2*v = 4*v - 74. Calculate the remainder when y is divided by v.
36
Let c = -6 + 143. What is the remainder when c is divided by 13?
7
Suppose 0*z - 50 = -2*z. Calculate the remainder when 88 is divided by z.
13
Let j(y) = y**3 + 5*y**2 + y + 7. Let v be j(-5). Suppose -v*n + 29 = -63. Suppose -5*g - g + 96 = 0. Calculate the remainder when n is divided by g.
14
Suppose -77 = -5*y + 4*w, 4*w = -y + 4*y - 43. Let s be -3 + (2 - -1) + -3. What is the remainder when (0 - (-130)/(-6))*s is divided by y?
14
Let d(n) = -n + 19. Let r be (-8)/(-20) - 4/10. Calculate the remainder when d(0) is divided by (-3 + r + 2)*-10.
9
Let w(a) = 34*a - 3 - 6*a + 1. What is the remainder when 51 is divided by w(1)?
25
Suppose 0 = 20*l - 5*l - 1875. Calculate the remainder when l is divided by 63.
62
Let i = 45 - 14. Let o = i + 34. What is the remainder when o is divided by 34?
31
Let j = 235 + -55. Calculate the remainder when j is divided by 7.
5
What is the remainder when 4 - (-125 - -10 - 7) is divided by 66?
60
Let u be (424/10)/((-4)/(-10)). Suppose m + 4*k = -0*m + 18, -m + 18 = 3*k. Calculate the remainder when u/3*(-15)/(-10) is divided by m.
17
Let s(f) = -14*f + 12. Let r = 4 + -9. What is the remainder when s(r) is divided by 17?
14
Suppose 4*i = 4*k + 1480, 0*k - i - 1126 =